808?
8
What is the units digit of 57326?
6
What is the hundreds digit of 12928844?
8
What is the ten millions digit of 17300484?
1
What is the thousands digit of 877512?
7
What is the ten thousands digit of 5730555?
3
What is the ten thousands digit of 1363651?
6
What is the ten thousands digit of 1172845?
7
What is the units digit of 317123?
3
What is the tens digit of 1016736?
3
What is the thousands digit of 359902?
9
What is the hundreds digit of 5413650?
6
What is the millions digit of 14042427?
4
What is the ten thousands digit of 5919417?
1
What is the hundreds digit of 225093?
0
What is the tens digit of 277636?
3
What is the hundreds digit of 125872?
8
What is the units digit of 4163361?
1
What is the tens digit of 91618?
1
What is the hundred thousands digit of 242154?
2
What is the hundred thousands digit of 397924?
3
What is the tens digit of 1236706?
0
What is the millions digit of 1730123?
1
What is the tens digit of 1540701?
0
What is the millions digit of 5106540?
5
What is the tens digit of 1677491?
9
What is the units digit of 220942?
2
What is the ten thousands digit of 5700517?
0
What is the units digit of 4378735?
5
What is the ten thousands digit of 1028683?
2
What is the hundreds digit of 189643?
6
What is the ten thousands digit of 7030113?
3
What is the ten thousands digit of 3292094?
9
What is the ten thousands digit of 259317?
5
What is the tens digit of 1200478?
7
What is the ten thousands digit of 275338?
7
What is the tens digit of 126358?
5
What is the tens digit of 741209?
0
What is the hundreds digit of 2399436?
4
What is the hundred thousands digit of 11440280?
4
What is the thousands digit of 215651?
5
What is the hundred thousands digit of 3129779?
1
What is the millions digit of 25015888?
5
What is the units digit of 1392496?
6
What is the hundreds digit of 583981?
9
What is the ten thousands digit of 10467530?
6
What is the ten thousands digit of 18012?
1
What is the ten thousands digit of 842421?
4
What is the thousands digit of 4508998?
8
What is the ten thousands digit of 146578?
4
What is the ten thousands digit of 1507598?
0
What is the tens digit of 645444?
4
What is the hundreds digit of 209683?
6
What is the units digit of 278852?
2
What is the hundreds digit of 877790?
7
What is the units digit of 23871641?
1
What is the thousands digit of 25813?
5
What is the thousands digit of 2059047?
9
What is the units digit of 5515631?
1
What is the millions digit of 5905707?
5
What is the ten thousands digit of 28451?
2
What is the millions digit of 1183692?
1
What is the tens digit of 284518?
1
What is the ten millions digit of 18840536?
1
What is the units digit of 3538060?
0
What is the ten thousands digit of 365858?
6
What is the ten thousands digit of 651633?
5
What is the ten thousands digit of 144508?
4
What is the thousands digit of 1713107?
3
What is the hundreds digit of 229110?
1
What is the ten thousands digit of 2113786?
1
What is the thousands digit of 8368981?
8
What is the ten thousands digit of 5687325?
8
What is the hundred thousands digit of 249377?
2
What is the tens digit of 1119026?
2
What is the ten thousands digit of 557458?
5
What is the millions digit of 16460318?
6
What is the hundred thousands digit of 551546?
5
What is the hundreds digit of 1285796?
7
What is the hundreds digit of 150953?
9
What is the units digit of 89082?
2
What is the hundreds digit of 4695541?
5
What is the hundreds digit of 8221?
2
What is the thousands digit of 323076?
3
What is the ten thousands digit of 2737492?
3
What is the units digit of 1922689?
9
What is the tens digit of 8493169?
6
What is the thousands digit of 823671?
3
What is the hundred thousands digit of 950003?
9
What is the ten thousands digit of 670429?
7
What is the tens digit of 355573?
7
What is the tens digit of 12231013?
1
What is the hundred thousands digit of 200332?
2
What is the millions digit of 1632120?
1
What is the ten millions digit of 23322798?
2
What is the hundreds digit of 4058101?
1
What is the hundreds digit of 59943?
9
What is the hundreds digit of 2065265?
2
What is the units digit of 7144478?
8
What is the millions digit of 1731835?
1
What is the hundred thousands digit of 9646468?
6
What is the hundred thousands digit of 265809?
2
What is the hundreds digit of 3247468?
4
What is the thousands digit of 38003?
8
What is the thousands digit of 8735?
8
What is the units digit of 147751?
1
What is the tens digit of 31658?
5
What is the hundred thousands digit of 1991674?
9
What is the ten thousands digit of 101095?
0
What is the ten thousands digit of 895335?
9
What is the ten thousands digit of 82079?
8
What is the hundred thousands digit of 306496?
3
What is the millions digit of 4308048?
4
What is the units digit of 1624718?
8
What is the thousands digit of 85946?
5
What is the hundred thousands digit of 497706?
4
What is the units digit of 12209805?
5
What is the hundreds digit of 14568164?
1
What is the ten thousands digit of 1348796?
4
What is the hundred thousands digit of 1227771?
2
What is the thousands digit of 150225?
0
What is the tens digit of 8278515?
1
What is the tens digit of 41354?
5
What is the hundred thousands digit of 7423063?
4
What is the hundred thousands digit of 1521815?
5
What is the thousands digit of 9968309?
8
What is the millions digit of 3466346?
3
What is the hundred thousands digit of 1662446?
6
What is the hundred thousands digit of 140768?
1
What is the ten thousands digit of 9799008?
9
What is the thousands digit of 151073?
1
What is the units digit of 3040046?
6
What is the thousands digit of 7310811?
0
What is the hundred thousands digit of 586407?
5
What is the tens digit of 572128?
2
What is the tens digit of 929416?
1
What is the hundreds digit of 828401?
4
What is the tens digit of 503847?
4
What is the ten thousands digit of 17932812?
3
What is the ten millions digit of 23547902?
2
What is the ten thousands digit of 400171?
0
What is the tens digit of 70018?
1
What is the hundreds digit of 23877456?
4
What is the thousands digit of 614284?
4
What is the thousands digit of 789480?
9
What is the hundreds digit of 10191188?
1
What is the hundreds digit of 450231?
2
What is the hundred thousands digit of 338725?
3
What is the tens digit of 48483?
8
What is the ten thousands digit of 18457133?
5
What is the thousands digit of 946319?
6
What is the hundred thousands digit of 3898597?
8
What is the tens digit of 190821?
2
What is the hundred thousands digit of 2639777?
6
What is the units digit of 7050960?
0
What is the hundred thousands digit of 5443788?
4
What is the hundred thousands digit of 4718834?
7
What is the hundreds digit of 5888230?
2
What is the units digit of 98073?
3
What is the ten thousands digit of 261522?
6
What is the hundreds digit of 2658785?
7
What is the thousands digit of 6082500?
2
What is the ten thousands digit of 11543403?
4
What is the hundreds digit of 3221126?
1
What is the millions digit of 3078891?
3
What is the ten thousands digit of 7509631?
0
What is the hundred thousands digit of 183987?
1
What is the units digit of 36469586?
6
What is the hundreds digit of 203369?
3
What is the hundred thousands digit of 3559383?
5
What is the ten thousands digit of 1030085?
3
What is the thousands digit of 390376?
0
What is the ten thousands digit of 17603884?
0
What is the ten thousands digit of 46400?
4
What is the hundred thousands digit of 370841?
3
What is the hundred thousands digit of 34798706?
7
What is the units digit of 1186798?
8
What is the ten thousands digit of 479269?
7
What is the tens digit of 381571?
7
What is the ten millions digit of 33920151?
3
What is the thousands digit of 6312948?
2
What is the tens digit of 8832687?
8
What is the tens digit of 857154?
5
What is the tens digit of 69458?
5
What is the hundred thousands digit of 961568?
9
What is the hundreds digit of 75989?
9
What is the thousands digit of 6717869?
7
What is the millions digit of 3932702?
3
What is the units digit of 1241198?
8
What is the thousands digit of 640321?
0
What is the thousands digit of 2281183?
1
What is the hundred thousands digit of 496938?
4
What is the thousands digit of 61424?
1
What is the units digit of 492210?
0
What is the ten thousands digit of